ded by 924.
86
Calculate the remainder when 1697 is divided by 558.
23
Calculate the remainder when 8037 is divided by 800.
37
Calculate the remainder when 2961 is divided by 1981.
980
Calculate the remainder when 1986 is divided by 969.
48
Calculate the remainder when 65875 is divided by 86.
85
What is the remainder when 44243 is divided by 11057?
15
What is the remainder when 123467 is divided by 37?
35
Calculate the remainder when 7115 is divided by 2296.
227
Calculate the remainder when 228030 is divided by 114015.
0
Calculate the remainder when 1110 is divided by 47.
29
What is the remainder when 980411 is divided by 44?
3
Calculate the remainder when 160808 is divided by 6696.
104
What is the remainder when 8156609 is divided by 165?
164
Calculate the remainder when 305010 is divided by 50834.
6
Calculate the remainder when 2817 is divided by 919.
60
What is the remainder when 4651 is divided by 1337?
640
Calculate the remainder when 6097623 is divided by 2032538.
9
Calculate the remainder when 44120 is divided by 197.
189
What is the remainder when 1304 is divided by 491?
322
Calculate the remainder when 176051 is divided by 68.
67
Calculate the remainder when 157119 is divided by 903.
900
What is the remainder when 4660598 is divided by 140?
138
What is the remainder when 217647 is divided by 25?
22
What is the remainder when 92584 is divided by 18514?
14
Calculate the remainder when 26519 is divided by 63.
59
Calculate the remainder when 1846183 is divided by 1005.
1003
What is the remainder when 811000 is divided by 742?
736
What is the remainder when 528001 is divided by 95?
86
Calculate the remainder when 323303 is divided by 84.
71
Calculate the remainder when 165947 is divided by 19.
1
Calculate the remainder when 1125857 is divided by 820.
817
Calculate the remainder when 5314 is divided by 184.
162
What is the remainder when 11906 is divided by 361?
354
Calculate the remainder when 9454 is divided by 9442.
12
Calculate the remainder when 20323 is divided by 2539.
11
What is the remainder when 3032 is divided by 3013?
19
Calculate the remainder when 22280 is divided by 7.
6
What is the remainder when 270 is divided by 5?
0
Calculate the remainder when 6745 is divided by 806.
297
Calculate the remainder when 41638 is divided by 718.
712
What is the remainder when 26312 is divided by 44?
0
Calculate the remainder when 125139 is divided by 569.
528
Calculate the remainder when 519507 is divided by 19.
9
Calculate the remainder when 1659 is divided by 849.
810
What is the remainder when 4755 is divided by 1582?
9
Calculate the remainder when 90242 is divided by 51.
23
What is the remainder when 459652 is divided by 2432?
4
What is the remainder when 90363 is divided by 158?
145
What is the remainder when 201553 is divided by 22389?
52
What is the remainder when 14734 is divided by 228?
142
What is the remainder when 156804 is divided by 451?
307
What is the remainder when 692575 is divided by 27?
25
What is the remainder when 36096 is divided by 838?
62
Calculate the remainder when 20782 is divided by 6922.
16
What is the remainder when 575 is divided by 69?
23
What is the remainder when 32884 is divided by 3652?
16
Calculate the remainder when 912 is divided by 86.
52
Calculate the remainder when 67157 is divided by 246.
245
What is the remainder when 62994 is divided by 137?
111
Calculate the remainder when 5682941 is divided by 562.
559
Calculate the remainder when 8722 is divided by 2176.
18
Calculate the remainder when 21780 is divided by 87.
30
What is the remainder when 1871 is divided by 466?
7
What is the remainder when 32642 is divided by 16230?
182
Calculate the remainder when 7661 is divided by 947.
85
What is the remainder when 3630 is divided by 521?
504
Calculate the remainder when 5093 is divided by 134.
1
Calculate the remainder when 20561 is divided by 101.
58
Calculate the remainder when 1739 is divided by 604.
531
Calculate the remainder when 152187 is divided by 10.
7
Calculate the remainder when 3206 is divided by 449.
63
Calculate the remainder when 5699 is divided by 922.
167
What is the remainder when 7181 is divided by 16?
13
What is the remainder when 768 is divided by 384?
0
Calculate the remainder when 2338 is divided by 469.
462
What is the remainder when 5591 is divided by 395?
61
What is the remainder when 553 is divided by 328?
225
Calculate the remainder when 5985 is divided by 5127.
858
Calculate the remainder when 11907 is divided by 50.
7
Calculate the remainder when 62662 is divided by 373.
371
Calculate the remainder when 1547 is divided by 25.
22
Calculate the remainder when 65552 is divided by 1393.
81
What is the remainder when 3247 is divided by 470?
427
What is the remainder when 3075708 is divided by 29?
26
Calculate the remainder when 74699 is divided by 9.
8
Calculate the remainder when 2326 is divided by 667.
325
What is the remainder when 43237 is divided by 115?
112
Calculate the remainder when 1776 is divided by 649.
478
Calculate the remainder when 4041 is divided by 48.
9
What is the remainder when 1534 is divided by 138?
16
What is the remainder when 39055 is divided by 3002?
29
Calculate the remainder when 14646 is divided by 111.
105
What is the remainder when 562815 is divided by 8?
7
What is the remainder when 564359 is divided by 5?
4
Calculate the remainder when 3501 is divided by 430.
61
What is the remainder when 26275 is divided by 14?
11
What is the remainder when 7674 is divided by 1915?
14
What is the remainder when 12466 is divided by 29?
25
What is the remainder when 4517 is divided by 364?
149
Calculate the remainder when 2542 is divided by 639.
625
Calculate the remainder when 6942 is divided by 2297.
51
What is the remainder when 29059 is divided by 256?
131
What is the remainder when 2996 is divided by 162?
80
Calculate the remainder when 100457 is divided by 874.
821
What is the remainder when 24013 is divided by 205?
28
What is the remainder when 3031 is divided by 590?
81
Calculate the remainder when 1789321 is divided by 2707.
2701
What is the remainder when 9366 is divided by 142?
136
What is the remainder when 25445 is divided by 1465?
540
What is the remainder when 841 is divided by 271?
28
What is the remainder when 723 is divided by 547?
176
Calculate the remainder when 8487 is divided by 96.
39
What is the remainder when 805320 is divided by 287?
285
Calculate the remainder when 1386 is divided by 97.
28
What is the remainder when 23294 is divided by 872?
622
Calculate the remainder when 30557 is divided by 518.
513
Calculate the remainder when 405 is divided by 359.
46
Calculate the remainder when 114880 is divided by 246.
244
Calculate the remainder when 865 is divided by 87.
82
Calculate the remainder when 86514 is divided by 105.
99
What is the remainder when 101554 is divided by 162?
142
What is the remainder when 34781 is divided by 232?
213
Calculate the remainder when 21485 is divided by 113.
15
Calculate the remainder when 28680 is divided by 819.
15
Calculate the remainder when 182308 is divided by 13022.
0
What is the remainder when 360032 is divided by 298?
48
Calculate the remainder when 13943 is divided by 667.
603
What is the remainder when 66619 is divided by 6?
1
What is the remainder when 5673 is divided by 89?
66
Calculate the remainder when 1190 is divided by 24.
14
What is the remainder when 7897 is divided by 453?
196
Calculate the remainder when 59762 is divided by 134.
132
Calculate the remainder when 37024 is divided by 378.
358
Calculate the remainder when 350474 is divided by 50.
24
What is the remainder when 251021 is divided by 6605?
31
Calculate the remainder when 235720 is divided by 47131.
65
What is the remainder when 4109 is divided by 607?
467
What is the remainder when 21649 is divided by 27?
22
What is the remainder when 390 is divided by 127?
9
Calculate the remainder when 106863 is divided by 45.
33
Calculate the remainder when 45516 is divided by 464.
44
Calculate the remainder when 86172 is divided by 169.
151
Calculate the remainder when 2478 is divided by 400.
78
Calculate the remainder when 3560 is divided by 793.
388
Calculate the remainder when 529442 is divided by 529439.
3
Calculate the remainder whe